t is c(f)?
-3
Let y(f) = -f + 5. Let r be y(0). Let x(z) = 4*z + 3 - r*z + 2. Suppose 14*u = -10 - 46. Determine x(u).
9
Let a(n) = -n**2 + n - 3. Let c be a(0). Let r be -1 + (0 - (c - 2)). Let x = r - -1. Let l(q) = -q**2 + 2*q + 3. Calculate l(x).
-12
Suppose -r - 4 = -39. Suppose r = 13*m - 8*m. Let w(s) = s**2 - 5*s - 10. What is w(m)?
4
Let d(n) = -n**3 + 3*n**2 - 3*n. Suppose -3*f + 5*f = -44. Let x = 32 + f. Let v = -8 + x. Calculate d(v).
-2
Let n(l) = 2*l**2 + 5*l - 1. Let f = -525 - -520. Calculate n(f).
24
Let x(k) = 0*k - 4*k**3 + 5*k**3 + 4*k**2 - 7*k + k - 6. Calculate x(-5).
-1
Let p be 4 - 8/(-20)*5. Let a(k) = 5*k - 21. Determine a(p).
9
Let h(c) be the second derivative of c**3/6 + 7*c**2/2 - c. Let d = -30 + 17. Let z(i) = i**3 + 12*i**2 - 13*i - 6. Let t be z(d). What is h(t)?
1
Suppose -45 = -5*b + 5*f, 0*b + 5*b - 42 = 4*f. Let k(g) = -g + 8. Give k(b).
2
Let d(q) = 8*q + q - 1 + 0. Let v = 337 - 335. Give d(v).
17
Suppose 5*p + 46 - 5 = 3*s, 3*s = 3*p + 27. Let x(a) = a**3 + 8*a**2 + 9*a + 14. Give x(p).
0
Let q be 0 + (3/(-3) - 10). Let d(k) = -2*k - 20. Calculate d(q).
2
Let x(v) = v**2 + 4*v - 3. Let p = -1 - 5. Let c be 27/p*6/9. What is x(c)?
-6
Let t(i) = -i. Let b be ((-6)/6)/(1*-1). Suppose c = 4 + b. Suppose 4*l = -c*o - 22, o + 5*l - 6 + 2 = 0. Give t(o).
6
Let r = 13 + -5. Suppose 2*o - r = -4*y + 12, -o - y + 10 = 0. Suppose o = 2*i - 0. Let m(l) = l - 6. Give m(i).
-1
Let x(f) be the second derivative of f**4/12 - 358*f. Let z(h) = h**3 - 5*h**2 + 5*h - 6. Let g be z(4). Calculate x(g).
4
Let c = 3 - 6. Let h(x) = -3*x - 2. Let g(f) = f**3 + 4*f**2 - 5*f - 2. Let q(l) = g(l) - 3*h(l). Determine q(c).
1
Let f(o) = -o**3 + o**2 - 2*o + 7. Let z(i) = 3*i**3 - 3*i**2 + 5*i - 20. Let q(k) = -8*f(k) - 3*z(k). Determine q(0).
4
Let g(s) = -2*s**2 + 52*s - 131. Let k(d) = -d**2 + 26*d - 65. Let o(j) = 6*g(j) - 11*k(j). Give o(23).
-2
Let r(t) be the second derivative of t**5/20 + t**4/12 - 15*t**2/2 - 46*t. Determine r(0).
-15
Let u(f) = -f - 7. Let g(r) = -r**2 + 14*r - 36. Let b(a) = -g(a) + 2*u(a). Determine b(15).
7
Suppose 0 = 2*g - 4*g + 5*s + 382, s + 560 = 3*g. Let q be g/8 + (-12)/48. Let p = -26 + q. Let j(h) = h**2 + 5*h + 4. Determine j(p).
-2
Suppose 0 = -56*b + 60*b - 64. Let a(h) = h - 21. What is a(b)?
-5
Let v(x) = x + 6. Let q(p) = -2*p - 10. Let t(s) = 4*q(s) + 5*v(s). What is t(10)?
-40
Let h be 3/((-9)/(-4)) - 224/(-12). Suppose -5*j = -0*j - 25, j = 3*o + h. Let a(s) = s**3 + 2*s**2 - 6*s + 3 + 2*s**2 + 0*s**3. Give a(o).
8
Let g = 82 - 76. Let t(c) = 2*c**2 - 7*c - 1. Determine t(g).
29
Let j(p) be the third derivative of 0*p - 1/60*p**5 + 0 + 1/6*p**4 + 1/3*p**3 - 11*p**2. Suppose 3*m - 6 = 2*m. Give j(m).
-10
Let u(b) = -b**3 + b**2 + b. Let w = -2 - -2. Suppose 6 = 3*j + 5*h, -j = j - 3*h - 4. Suppose w = -g - j*g + 3. Give u(g).
1
Suppose 12 = 2*q + 3*o, -24*q - 5*o = -27*q + 18. Let s(k) = -3 - k + 2 + 9. Give s(q).
2
Let p(d) = d**3 - 3*d**2 + 3*d + 6. Let u be p(3). Let m(i) = -i + 19. Give m(u).
4
Let n be ((-1)/4)/((-1)/4). Let x(j) = j**3 - 9*j**2 + 10*j - 9. Let u be x(8). Let o(h) = 6 + u*h**3 - 2 - 3 - h - 13*h**3 + h**2. Give o(n).
-5
Let s(x) = 3*x + 2. Let t(c) = -c**2 - 4*c + 5. Let h be t(-5). Suppose h = 6*i - 11*i - 10. What is s(i)?
-4
Let t(s) = s**2 + 9*s + 5. Let y be 5*(-4)/(-4 + 0). Suppose -2*a + 21 - y = 4*m, 0 = -5*m + 3*a + 20. Suppose m*x + 36 = -3*b, 3 - 1 = x - 2*b. What is t(x)?
-13
Let c(r) = 4*r + 6 - r - r. Suppose 0 = 5*f + s + 10 + 17, -5*f - 5*s = 35. What is c(f)?
-4
Let x(m) = -m**2 + 3*m - 3. Let f(y) = y**3 - 4*y**2 - 3*y - 5. Let s be f(5). Suppose s = -i - 10. Let q = -13 - i. Give x(q).
-1
Let i(b) be the third derivative of b**4/8 - 5*b**3/6 + 5*b**2 - 6*b. Suppose n = 1 + 4. What is i(n)?
10
Let m be 0 + ((-102)/(-198) - (-2)/(-11)). Let h(y) be the third derivative of 0*y - 1/60*y**5 + 0 - m*y**3 + 1/4*y**4 - 4*y**2. Determine h(5).
3
Let a(h) = h**3 + 2*h - 1. Let t(p) = 6*p**3 + 5*p**2 + 10*p - 7. Let f(o) = -5*a(o) + t(o). What is f(-5)?
-2
Let w = 8 - 12. Let n(p) = p**2 + 6*p + 14. Let t be n(w). Let f(c) = -c**2 + 7*c - 1. Determine f(t).
5
Let x(i) = i**3 - i. Let z(d) = 12*d**3 - 9. Let h(l) = 5*x(l) - z(l). Let u(n) = n**3 - n**2 - 1. Let c(t) = -h(t) - 6*u(t). Give c(-5).
-3
Let x(q) = -q + 14. Let o be ((-255)/204)/((-1)/8). Calculate x(o).
4
Let o(t) = 7*t - 6. Let q(s) = s. Let p(g) = -o(g) + 5*q(g). Let n = -21 + 8. Let d = 18 + n. Determine p(d).
-4
Let w(o) = 4*o + 9. Let t(l) be the second derivative of l**3/2 + 9*l**2/2 + 2*l. Let p(d) = -3*t(d) + 2*w(d). What is p(-7)?
-2
Let o = 28 + -16. Let n = o + -10. Let d be (-1)/n + 25/(-10). Let i(b) = b**2 - 1. Give i(d).
8
Let k = -1407 - -1401. Let i(n) = 11*n + 3. Let g(h) = -5*h - 2. Let y(b) = -9*g(b) - 4*i(b). What is y(k)?
0
Let l(j) = 0*j - 2*j**2 + 7*j**2 + j + 2. Let q(i) = i**2 - i - 1. Let o(v) = l(v) - 4*q(v). Let a be (-4 - -3) + 3 + -10 + 2. Determine o(a).
12
Let p(n) = n + 2. Let x(r) = -13 + 20 + 5*r - 2*r. Let i(f) = 7*p(f) - 2*x(f). Let y be i(1). Let h(l) = -6*l**2 + 2*l - 1. What is h(y)?
-5
Let n(b) be the first derivative of -b**4/4 - 4*b**3/3 + 7*b**2/2 + 6*b - 2. Let o(i) = i**3 - 12*i**2 + 85*i - 819. Let y be o(11). Calculate n(y).
-4
Let y(l) = -4 + l**3 + 6495*l - 7*l**2 - 6495*l. What is y(7)?
-4
Let m(s) be the third derivative of s**5/20 + s**4/24 - 7*s**3/6 - 164*s**2. Calculate m(-4).
37
Let s(l) = -2*l + 12. Let h be -15*(11 + -22 - -10). What is s(h)?
-18
Let k(r) = r**2 - r. Let i(g) = -g**3 + 2*g**2 - 2*g + 3. Let b be i(2). Let t(m) = -10*m**2 + 2*m + 1. Let p be t(b). Let c = p - -9. What is k(c)?
6
Let n(t) = 1 - 13*t - 6*t - 9*t + 37*t - 10*t. Determine n(-7).
8
Let z(x) be the first derivative of -x**3/3 + 3*x**2 + 10*x + 2469. Suppose -2*q + 25 - 61 = 0. Let l = -11 - q. Determine z(l).
3
Suppose 15 = -5*p - 2*x, -14*p - 19 = -15*p + 4*x. Let h(w) = 26*w**3 + 2*w**2 - 1. Calculate h(p).
-25
Let n(y) = y - 6. Let v be n(11). Let k(j) be the first derivative of -j**4/12 + 5*j**3/6 - 3*j**2 + j + 1. Let w(u) be the first derivative of k(u). Give w(v).
-6
Let k = -7 + 8. Let z(n) = -13*n**3 + 3*n + 1. Let l(w) = 14*w**3 - 4*w - 1. Let y(g) = 5*l(g) + 6*z(g). Determine y(k).
-9
Let k(a) be the third derivative of a**4/12 - a**3/3 + 229*a**2. Calculate k(3).
4
Let l(m) = m**3 - 6*m**2 - 8*m. Let y be l(7). Suppose -11 - 14 = -5*k. Let a(q) = 5 - 3*q + 5*q + k. Give a(y).
-4
Let r(o) = -7*o - 13. Let q(c) = -c - 1. Let k(x) = -6*q(x) + r(x). Suppose 45 = -6*v + 3. Determine k(v).
0
Let n(r) = 2*r**2 + 13*r + 15. Let c be n(-6). Let j be ((-1)/(-6)*c)/(1/(-2)). Let m(y) be the first derivative of y**2/2 - 2*y + 1. Give m(j).
-5
Let q be (-5)/((-35)/54) + (-2)/(-7). Let y(r) = 4*r**2 - r. Let t be y(-1). Let v(c) = -c**3 + c - t*c**2 + 0*c**3 + q - 3 - 5*c. Calculate v(-4).
5
Let i(d) = d**3 + 4*d**2 + 3*d - 4. Let w = 68 - 112. Let j be 5/((-15)/(-2)) + w/12. What is i(j)?
-4
Suppose 4*b = 3*h + 16, 3*h = -4*b - b - 7. Let y(g) be the third derivative of g**5/60 + g**4/6 - 2*g**3/3 + 7*g**2 - 5. Give y(h).
-4
Let f(c) be the second derivative of 43*c**5/20 + c**2/2 - 116*c. What is f(-1)?
-42
Let y(d) = -3108 + 3110 + 0*d**2 - d**2. Give y(7).
-47
Let h(f) = 5 - 30*f**2 + 29*f**2 - 2 + 3*f. What is h(3)?
3
Let a(z) = -z**2 - 13*z - 9. Let s(u) = 11*u - 58. Let j be s(4). Give a(j).
-23
Let m(o) = o + 6. Let i(b) = -7*b**2 + 2*b + 2. Let z be i(-1). Calculate m(z).
-1
Let h(q) = 3*q**2 + 3*q + 2. Let t(c) = -7*c**2 - 8*c - 5. Let p(l) = -5*h(l) - 2*t(l). Give p(3).
-6
Let u(t) = 2*t - 6. Let c be (16/(-20))/((-2)/10). Let l(x) = 2*x**2 - 6*x + 3. Let z be l(c). Let b(f) = -f + 2. Let g(p) = z*b(p) + 4*u(p). Calculate g(-3).
7
Let b(c) = c**3 - 3*c + 1. Let k = -102 + 71. Let v = k - -34. Calculate b(v).
19
Let h(a) be the third derivative of a**5/60 - a**4/6 - 5*a**3/6 + a**2. Suppose 4*r = -12*x + 10*x + 34, r - x = -2. Calculate h(r).
0
Let a(z) = z + 1. Let p(u) = u**3 - 10*u**2 + 10*u - 11. Suppose -41 + 158 = 13*q. Let v be p(q). What is a(v)?
-1
Let h(p) = -p**3 + 3*p**2 - 3*p - 6. Let a(m) = m**3 - 3*m**2 + 4*m + 6. Let y(w) = 2*a(w) + 3*h(w). Calculate y(3).
-9
Let u(b) = b**2 + 7*b + 19. Let c = 1228 - 1234. What is u(c)?
13
Let a(p